 43771 and 338?
169
Calculate the greatest common divisor of 179848 and 8.
8
What is the greatest common factor of 83349 and 15?
3
Calculate the highest common factor of 23280 and 72168.
2328
Calculate the greatest common divisor of 11 and 2035781.
11
What is the highest common divisor of 28 and 215068?
28
Calculate the greatest common divisor of 629685 and 735.
105
What is the highest common factor of 780 and 74685?
195
What is the highest common divisor of 443448 and 216?
216
Calculate the greatest common factor of 269883 and 1337.
191
What is the greatest common factor of 43160 and 2075?
415
Calculate the greatest common factor of 3 and 1336857.
3
What is the greatest common factor of 970060 and 280?
140
Calculate the greatest common divisor of 53940 and 15.
15
Calculate the highest common divisor of 2319 and 33.
3
Calculate the highest common factor of 1162538 and 610.
122
What is the highest common factor of 250629 and 6?
3
Calculate the highest common divisor of 18036 and 148296.
2004
What is the highest common divisor of 124551 and 4725?
189
What is the greatest common divisor of 13962 and 17542?
358
Calculate the greatest common factor of 126 and 2874.
6
What is the greatest common factor of 958 and 88615?
479
Calculate the highest common divisor of 192 and 912.
48
What is the highest common divisor of 17064 and 1423896?
1896
What is the greatest common divisor of 1316 and 37412?
188
What is the greatest common factor of 78 and 2190786?
78
Calculate the greatest common factor of 235940 and 260.
20
What is the greatest common factor of 333190 and 78?
26
Calculate the greatest common divisor of 380314 and 177.
59
Calculate the highest common divisor of 346 and 56.
2
Calculate the highest common factor of 32155 and 218.
109
Calculate the greatest common divisor of 9 and 18099.
9
Calculate the highest common factor of 46057 and 212.
53
Calculate the highest common divisor of 512545 and 11.
11
Calculate the highest common divisor of 2036 and 137939.
509
What is the highest common factor of 31766 and 70?
14
Calculate the highest common divisor of 266 and 25046.
14
Calculate the greatest common factor of 1428 and 240261.
357
What is the highest common divisor of 101648 and 32?
16
What is the greatest common factor of 960 and 1655520?
480
Calculate the greatest common factor of 33 and 16986.
3
Calculate the greatest common divisor of 88 and 112.
8
What is the highest common divisor of 4125918 and 366?
366
What is the highest common factor of 1509772 and 176?
44
Calculate the highest common divisor of 289 and 1751.
17
Calculate the highest common divisor of 423212 and 899.
31
What is the greatest common factor of 105156 and 2484?
828
Calculate the highest common divisor of 2253396 and 12.
12
What is the greatest common divisor of 33 and 7745023?
11
Calculate the greatest common factor of 3330 and 39110.
10
Calculate the highest common factor of 20 and 44095.
5
Calculate the greatest common divisor of 176309 and 18690.
623
What is the highest common factor of 10 and 429150?
10
What is the greatest common divisor of 183 and 80337?
183
What is the highest common divisor of 2577 and 23?
1
What is the greatest common factor of 2305458 and 12?
6
Calculate the greatest common divisor of 17 and 3281391.
17
What is the greatest common divisor of 42007 and 238?
119
Calculate the highest common factor of 27 and 165591.
27
Calculate the greatest common divisor of 6371 and 39611.
277
What is the highest common divisor of 425 and 2400?
25
What is the greatest common divisor of 4584 and 955?
191
What is the greatest common divisor of 80 and 155860?
20
Calculate the highest common factor of 93 and 161107.
31
Calculate the greatest common divisor of 6604 and 2.
2
What is the highest common factor of 268695 and 180?
45
What is the highest common divisor of 91518 and 252?
42
Calculate the greatest common divisor of 26207 and 292.
73
Calculate the highest common divisor of 60 and 25430.
10
Calculate the highest common divisor of 240 and 1400720.
80
What is the highest common factor of 43848 and 145?
29
What is the greatest common factor of 91620 and 360?
180
What is the highest common factor of 3501134 and 182?
182
Calculate the greatest common factor of 460 and 22770.
230
What is the highest common divisor of 876 and 424276?
292
What is the highest common divisor of 59065 and 5?
5
Calculate the highest common factor of 842 and 33259.
421
Calculate the highest common divisor of 648698 and 6352.
794
What is the greatest common factor of 28696 and 544?
136
Calculate the highest common divisor of 432 and 12285.
27
What is the greatest common factor of 8000 and 1152?
64
What is the highest common divisor of 20 and 11444?
4
What is the greatest common divisor of 1760 and 727584?
352
Calculate the highest common divisor of 1188 and 217107.
297
Calculate the highest common divisor of 611 and 7050.
47
What is the greatest common divisor of 9 and 7239?
3
Calculate the greatest common divisor of 134680 and 208.
104
What is the highest common divisor of 46398 and 23826?
1254
What is the highest common factor of 294 and 18774?
42
What is the highest common divisor of 4142 and 190?
38
What is the greatest common factor of 31930 and 1550?
310
What is the highest common divisor of 351148 and 224?
28
What is the greatest common divisor of 1162 and 579257?
581
What is the highest common divisor of 46400 and 3700?
100
Calculate the greatest common factor of 1540 and 1870.
110
What is the greatest common divisor of 416 and 5473?
13
What is the highest common factor of 1150 and 55850?
50
Calculate the greatest common divisor of 3150 and 558.
18
Calculate the greatest common divisor of 222 and 22818.
6
What is the greatest common factor of 20 and 53764?
4
Calculate the greatest common factor of 9 and 673437.
3
What is the greatest common divisor of 14 and 578?
2
What is the highest common factor of 583 and 18491?
11
What is the greatest common factor of 358892 and 166?
166
What is the highest common divisor of 6971355 and 159?
159
What is the highest common factor of 111579 and 312?
39
What is the greatest common divisor of 12 and 44052?
12
What is the highest common factor of 22137 and 34383?
471
What is the highest common divisor of 6360 and 132?
12
What is the greatest common factor of 1316567 and 1805?
361
What is the greatest common factor of 24528 and 1288?
56
Calculate the greatest common factor of 207 and 77073.
69
Calculate the greatest common factor of 250 and 267375.
125
Calculate the greatest common divisor of 28626 and 78.
78
Calculate the greatest common divisor of 1970254 and 13.
13
Calculate the highest common factor of 13606047 and 962.
481
Calculate the highest common factor of 159 and 215286.
159
What is the greatest common divisor of 680 and 4492760?
680
What is the greatest common divisor of 30624 and 924?
132
What is the highest common factor of 189 and 5420394?
63
Calculate the highest common divisor of 5681 and 4807.
437
What is the highest common factor of 8526 and 2786?
14
Calculate the greatest common factor of 143562 and 30.
6
What is the greatest common divisor of 482328 and 21?
21
Calculate the greatest common divisor of 4619 and 16399.
31
Calculate the greatest common divisor of 37289 and 49.
49
Calculate the greatest common divisor of 2188 and 1468.
4
What is the greatest common divisor of 1390504 and 365?
73
What is the highest common factor of 750442 and 2541?
847
What is the greatest common divisor of 1220665 and 5?
5
What is the greatest common factor of 7542 and 10386?
18
What is the highest common divisor of 15237 and 27?
9
Calculate the greatest common divisor of 19783 and 1355.
271
What is the highest common divisor of 5984776 and 56?
56
What is the highest common divisor of 516 and 1854246?
258
Calculate the greatest common divisor of 3585 and 15.
15
Calculate the greatest common divisor of 170754 and 12606.
1146
Calculate the greatest common factor of 148 and 48992.
4
Calculate the highest common divisor of 2176 and 592.
16
Calculate the greatest common factor of 1284 and 325494.
642
Calculate the greatest common factor of 687337 and 1318.
659
What is the greatest common factor of 5055 and 58638?
1011
What is the greatest common divisor o